t is the thousands digit of c?
3
Let x be ((-4)/(-2))/(2/4). Suppose x + 2 = 3*a. Suppose 4 = 2*h + a*c, c + c = 0. What is the units digit of h?
2
Let g(b) = 21*b**2 + b - 3. What is the tens digit of g(3)?
8
Let j be 38/(-4 + 70/15). Suppose 40*z - 43*z = -j. What is the units digit of z?
9
Let g be 2 - 6/3*-1. Suppose 4 - 68 = g*p. Let n = 34 + p. What is the units digit of n?
8
Suppose -x + 5*x + 5*z = 157, -4*x - 4*z = -160. Let k = x + -31. What is the tens digit of k?
1
Suppose 10*z + 2000 = 30*z. What is the tens digit of z?
0
Suppose 0 = -14*b - 4285 + 48763. What is the hundreds digit of b?
1
Let w = -8 - -9. Let v be 3 + w + -3 + -8. Let x(y) = y**3 + 9*y**2 + 9*y - 2. What is the tens digit of x(v)?
3
What is the tens digit of 1 - 6*(-157 - 4)?
6
Suppose 2*z + 3*z - 5*y - 1830 = 0, 2*y - 1103 = -3*z. What is the units digit of z?
7
Let i(v) = -2*v + 6. Let f(z) = -z. Let w(j) = -3*f(j) + i(j). What is the tens digit of w(12)?
1
Suppose 5*f = -120 + 2290. What is the units digit of f?
4
Let q(g) = -76*g - 26. Let i be q(22). What is the tens digit of i/(-42) + (30/(-21) - -1)?
4
Let b = 4 - 2. Suppose 517 = 5*o + b*y + 2*y, 2 = -y. What is the tens digit of o?
0
Suppose 9*a = 23*a - 14. What is the tens digit of (-23)/(a + (-30)/25)?
1
Let f(u) = 6*u**2 + 18*u - 64. What is the units digit of f(4)?
4
Let k = -657 - -2704. What is the units digit of k?
7
Let d = 25 + -21. What is the tens digit of 692/12 + d/(-6)?
5
Suppose 23*r - 21646 = 24423. What is the units digit of r?
3
Suppose -k - 4*k = -20. Let y(c) = 51*c - 45. Let g(a) = -10*a + 9. Let v(i) = -21*g(i) - 4*y(i). What is the tens digit of v(k)?
1
Let o be (-16)/(-20) + (-1684)/(-20). Let x(v) = 2*v**2 + 7*v + 5. Let b be x(-4). Suppose -4*k - o = -b*k. What is the units digit of k?
7
What is the units digit of (-6)/5*60/18 - -406?
2
Let d = -3 + -7. Let t = 41 + d. Let u = t - 29. What is the units digit of u?
2
Suppose 0 = 4*b - 6*b + 24. Let w = -22 - -46. Let x = w - b. What is the tens digit of x?
1
Suppose -3*f = -3*x + 59 + 1222, -854 = -2*x - 5*f. What is the units digit of x?
7
Suppose -2*m + p - 226 + 589 = 0, 4*m - 731 = -3*p. What is the hundreds digit of m?
1
Suppose -5*h = f - 979, -12*f - 5*h - 1958 = -14*f. What is the hundreds digit of f?
9
Suppose 3*k - 2*k - 5 = 0. Suppose k*a - 3*f - 10 = a, -4*a + 5*f + 14 = 0. What is the tens digit of (3 + (-20)/(-1))/a?
2
Suppose 0 = -3*l - 4*r + 53 + 11, -120 = -5*l - 4*r. Suppose 0*k = k - l. What is the units digit of k?
8
Suppose -11 = -4*s + 5. Let v be (s - 0)*(0 - -2). What is the units digit of (v/5)/((-6)/(-75))?
0
Suppose 47*j - 58*j + 21846 = 0. What is the thousands digit of j?
1
Suppose 3*g = 9*g - 354. What is the units digit of g?
9
Let v(h) = 8*h**2 + 78*h - 73. What is the hundreds digit of v(-23)?
3
Let o(x) = -x**3 - x**2 - 38*x + 7. What is the hundreds digit of o(-7)?
5
Let w be 18/45*(-5)/(-2). Let r(z) = -z**3 + z**2 - 1. Let f be r(w). What is the tens digit of ((-22)/(-3) + f)*3?
1
Let c(q) = 59*q**2 + 12*q + 3. Let r be c(3). Suppose -2*u = 3*u - r. What is the units digit of u?
4
Let a(y) = -7*y**3 + 0*y**2 + 6*y**3 + y**2 - 42. Let s be a(0). Let i = 71 + s. What is the units digit of i?
9
Let o = -35 + 59. Suppose o = -8*i + 10*i. What is the units digit of i?
2
Let b(i) = 5*i**3 - 27*i**2 - 84*i - 15. What is the thousands digit of b(13)?
5
Suppose -5*x + 0*x - 3*m + 51 = 0, 0 = -5*x + 5*m + 75. Suppose n - x = -3*n. Suppose 4*t - 4*i - 184 = -n*i, 4*t - 5*i - 184 = 0. What is the units digit of t?
6
Suppose 1180 = -135*q + 140*q. What is the units digit of q?
6
Suppose -3*y + 3 = -2*y, -414 = -3*n - 3*y. Let o = n + -79. Suppose -2*f + o = 3*h - 56, -156 = -4*h - f. What is the units digit of h?
0
Let l(z) = z**3 + 29*z**2 - 33*z + 29. What is the hundreds digit of l(-30)?
1
Suppose -5 - 1 = -3*w. Suppose w*h - 79 - 137 = 0. Suppose i + h = 5*i. What is the tens digit of i?
2
Suppose 10154 - 39962 = -27*m. What is the units digit of m?
4
Let p(i) = -i**3 - 6*i**2 - 6*i - 2. Let a be p(-5). Suppose -a*g + 10 - 31 = 0. What is the units digit of 1/(-2)*294/g?
1
Let s be (1 - 0)*6/3. Let z(k) = k**2 + 10*k + 11. Let y be z(-9). Suppose 0 = s*d - y*o - 44, -2*o - 1 = -4*d + 93. What is the units digit of d?
5
Let h(m) = m**2 - 4*m + 6. Let d be h(3). Let x(p) = p + 13. Let v be x(-8). Let z = v + d. What is the units digit of z?
8
Suppose k + 6654 + 1459 = 2*u, 2*u - 8138 = -4*k. What is the thousands digit of u?
4
Let y = 21 + -19. Suppose -3*z = -y*o - 115, 1 = -o - 4. What is the units digit of z?
5
What is the thousands digit of 16/(-14) - -2 - 43830/(-21)?
2
Let k(j) = 443*j**2 - 8*j - 8. What is the units digit of k(-1)?
3
Let h(p) = 6*p**2 + 29*p + 210. What is the units digit of h(-28)?
2
Let s be (-1)/3 - (-12)/9. Let a = 9 + -4. What is the units digit of a - 1/(s/(-3))?
8
Let q = -27 - -27. Suppose q = -8*k + 7*k + 25. What is the units digit of k?
5
Let o be -3 + 1 + (3 + -52 - 1). What is the units digit of 2268/39 + 8/o?
8
Suppose -4*x - 2*j + 422 = 0, -6*j + 417 = 4*x - 3*j. What is the units digit of x?
8
Suppose 0*q + 5*q = -15, 4*m - 626 = 2*q. Let o = -62 + m. What is the units digit of o?
3
Suppose 0*y = -17*y + 9095. What is the units digit of y?
5
Let i(v) = 5*v**2 + 3*v + 6. Suppose z - 3*h = h - 20, 0 = 5*z + 5*h. What is the tens digit of i(z)?
7
Let b(m) = -74*m - 22. What is the hundreds digit of b(-8)?
5
Suppose -409*o - 5192 = -413*o. What is the tens digit of o?
9
Let n(y) = 8*y**3 - 4*y**2 + 4*y - 5. What is the units digit of n(5)?
5
Suppose 2*w - r - 19 = 0, -3*w + 2*r - 7 = -4*w. Suppose -8*f + w*f - 35 = 0. What is the tens digit of f?
3
Let n = 23 + -17. Let j(d) be the first derivative of d**3/3 - 3*d**2/2 - 6*d - 3. What is the units digit of j(n)?
2
Suppose 37 - 1 = 4*h. Let a = 4 + h. What is the tens digit of ((0 - a) + -1)*-1?
1
Suppose -4*t + 4 = -8. Suppose 5*n + t*w - 2*w - 22 = 0, 0 = -5*n - 3*w + 16. What is the units digit of n?
5
Suppose 0 = 382*y - 395*y + 2964. What is the hundreds digit of y?
2
Let b = 3512 + -2420. What is the units digit of b?
2
Suppose 38 = 3*b - b. Let c = -10 + b. Suppose -8*q - 15 = -c*q. What is the tens digit of q?
1
Suppose -5*o = 5*z - 18965, -11*z + 15169 = 4*o - 8*z. What is the thousands digit of o?
3
Suppose 80 = 2*s - 3*v, 14*v = 10*v - 16. What is the tens digit of s?
3
Let z = 43 - 228. Let c = -113 - z. What is the units digit of c?
2
Suppose -3 + 9 = 2*l. Suppose l*b + c = 2, 0*c - 8 = -3*b - 4*c. What is the units digit of (0 + -4)/(-4) + b?
1
Let b = 740 - -132. What is the units digit of b?
2
Let b(k) = 14*k - 2. Let d(r) = -15*r + 2. Let a(i) = 4*b(i) + 3*d(i). Let u(y) = y**3 + 16*y**2 + 15*y + 2. Let h be u(-15). What is the units digit of a(h)?
0
Suppose -10*q + 5646 = 1246. What is the hundreds digit of q?
4
Let b = -1982 + 2919. What is the hundreds digit of b?
9
Let t(y) = y**2 + 7*y + 2. Let p be t(-7). Let n be -3 - p/(-2) - -2. Suppose -2*o - 2*o = -2*x - 168, -4*o - 5*x + 154 = n. What is the tens digit of o?
4
Let d = -367 - -1497. What is the units digit of d?
0
Let j(m) = 6*m**2 - 41*m + 83. What is the units digit of j(14)?
5
Let x(m) = m**3 - 7*m**2 + 4*m + 5. Let j be x(5). Let n = j + 27. What is the units digit of n?
2
Let h(m) = -m**3 - 28*m**2 - 71*m - 24. What is the hundreds digit of h(-26)?
4
Let o(c) = -c**2 - 5*c + 6. Let x be o(-6). Suppose -7*v + 419 - 34 = x. Let g = -38 + v. What is the units digit of g?
7
Let y be 244/16 - (-1)/(-4). Let v = -13 + y. Suppose -39 = -4*g - p - 8, 2*p = -v. What is the units digit of g?
8
Suppose 22*p = 19*p + 51. Let r(k) = 12*k - 40. What is the tens digit of r(p)?
6
Suppose 5*g + 3*m = 12, 2*g + 8 = 5*g + m. Suppose g*w - 11 = 4*j, -3*w = w - 5*j - 15. What is the tens digit of ((-5)/w)/((-1)/17)?
1
Suppose 2*k + 6 = -2. Let r(m) = m**2 + 59*m**3 + 1 - 34*m**3 + 10*m - 4*m**2 - 27*m**3. What is the tens digit of r(k)?
4
Let u(z) = -3*z + 15. Let c be u(6). Let j(x) = -3*x**3 + x**2 + 6*x - 4. What is the units digit of j(c)?
8
Let c(h) = -34*h - 19. What is the hundreds digit of c(-25)?
8
Let w = 89 - -32. Suppose 4*f - 5*p - 222 = 0, 2*f + 5*p = w + 5. What is the tens digit of f?
5
Let i be (3 - -7)/((-2)/(-1)). Suppose -i*y - 7 - 